vided by 119?
53
What is the remainder when 706 is divided by 513?
193
What is the remainder when 288 is divided by 60?
48
Calculate the remainder when 32081 is divided by 1391.
88
Calculate the remainder when 4579 is divided by 143.
3
What is the remainder when 36415 is divided by 20?
15
What is the remainder when 14651 is divided by 3503?
639
What is the remainder when 3620 is divided by 3603?
17
Calculate the remainder when 10518 is divided by 112.
102
Calculate the remainder when 152819 is divided by 3727.
12
Calculate the remainder when 1002 is divided by 917.
85
What is the remainder when 56380 is divided by 437?
7
What is the remainder when 208756 is divided by 490?
16
What is the remainder when 6046 is divided by 1822?
580
Calculate the remainder when 73235 is divided by 336.
323
What is the remainder when 98986 is divided by 553?
552
Calculate the remainder when 10828 is divided by 448.
76
What is the remainder when 2904 is divided by 1408?
88
What is the remainder when 1911 is divided by 1?
0
What is the remainder when 18131 is divided by 2017?
1995
What is the remainder when 659 is divided by 167?
158
Calculate the remainder when 291329 is divided by 18.
17
What is the remainder when 134443 is divided by 551?
550
Calculate the remainder when 6171 is divided by 7.
4
What is the remainder when 223050 is divided by 27881?
2
Calculate the remainder when 114545 is divided by 24.
17
What is the remainder when 529076 is divided by 327?
317
Calculate the remainder when 6193 is divided by 6190.
3
What is the remainder when 229017 is divided by 10?
7
What is the remainder when 1064 is divided by 382?
300
What is the remainder when 4155 is divided by 317?
34
What is the remainder when 43612 is divided by 329?
184
Calculate the remainder when 251328 is divided by 41.
39
What is the remainder when 438037 is divided by 20?
17
Calculate the remainder when 11849 is divided by 508.
165
What is the remainder when 6477 is divided by 65?
42
Calculate the remainder when 13606 is divided by 349.
344
What is the remainder when 751971 is divided by 751955?
16
Calculate the remainder when 20721 is divided by 220.
41
What is the remainder when 18617 is divided by 190?
187
Calculate the remainder when 15633 is divided by 7808.
17
What is the remainder when 3196 is divided by 236?
128
What is the remainder when 15756 is divided by 657?
645
Calculate the remainder when 35747 is divided by 82.
77
What is the remainder when 36428 is divided by 5?
3
What is the remainder when 94637 is divided by 432?
29
Calculate the remainder when 12933 is divided by 4304.
21
What is the remainder when 263143 is divided by 45?
28
Calculate the remainder when 149399 is divided by 49.
47
What is the remainder when 7088 is divided by 1012?
4
What is the remainder when 1408 is divided by 121?
77
Calculate the remainder when 9519 is divided by 6.
3
Calculate the remainder when 4570 is divided by 598.
384
Calculate the remainder when 598 is divided by 177.
67
Calculate the remainder when 115964 is divided by 384.
380
Calculate the remainder when 11409 is divided by 1160.
969
Calculate the remainder when 278100 is divided by 5150.
0
Calculate the remainder when 2152 is divided by 830.
492
What is the remainder when 4636 is divided by 150?
136
What is the remainder when 19452 is divided by 3799?
457
Calculate the remainder when 12230 is divided by 12222.
8
What is the remainder when 355456 is divided by 5?
1
What is the remainder when 1047 is divided by 826?
221
What is the remainder when 455 is divided by 35?
0
What is the remainder when 793 is divided by 675?
118
Calculate the remainder when 99444 is divided by 25.
19
Calculate the remainder when 9547 is divided by 12.
7
Calculate the remainder when 153151 is divided by 63.
61
Calculate the remainder when 7462 is divided by 535.
507
Calculate the remainder when 38455 is divided by 48.
7
What is the remainder when 23489 is divided by 290?
289
What is the remainder when 2385 is divided by 658?
411
Calculate the remainder when 1165 is divided by 387.
4
Calculate the remainder when 17617 is divided by 3521.
12
Calculate the remainder when 19961 is divided by 177.
137
Calculate the remainder when 26879 is divided by 113.
98
What is the remainder when 41687 is divided by 194?
171
What is the remainder when 1575 is divided by 165?
90
Calculate the remainder when 3028 is divided by 219.
181
What is the remainder when 49723 is divided by 9942?
13
What is the remainder when 92312 is divided by 18460?
12
What is the remainder when 930 is divided by 854?
76
Calculate the remainder when 55360 is divided by 195.
175
Calculate the remainder when 1379 is divided by 745.
634
What is the remainder when 5792 is divided by 1003?
777
Calculate the remainder when 160989 is divided by 104.
101
What is the remainder when 144 is divided by 85?
59
Calculate the remainder when 106536 is divided by 140.
136
What is the remainder when 195827 is divided by 209?
203
What is the remainder when 3790 is divided by 3?
1
What is the remainder when 152567 is divided by 29?
27
What is the remainder when 2624 is divided by 15?
14
What is the remainder when 480 is divided by 304?
176
What is the remainder when 23383 is divided by 1016?
15
Calculate the remainder when 56747 is divided by 40.
27
What is the remainder when 3880429 is divided by 116?
113
Calculate the remainder when 12831 is divided by 29.
13
What is the remainder when 1237222 is divided by 112474?
8
What is the remainder when 1194 is divided by 608?
586
Calculate the remainder when 3760 is divided by 743.
45
What is the remainder when 46238 is divided by 557?
7
What is the remainder when 52255 is divided by 52210?
45
Calculate the remainder when 532045 is divided by 395.
375
Calculate the remainder when 4883 is divided by 707.
641
What is the remainder when 22589 is divided by 3?
2
What is the remainder when 2409 is divided by 71?
66
What is the remainder when 1701160 is divided by 27?
25
What is the remainder when 17357 is divided by 2476?
25
What is the remainder when 63515 is divided by 6350?
15
Calculate the remainder when 9497 is divided by 288.
281
What is the remainder when 60900 is divided by 17?
6
Calculate the remainder when 814 is divided by 355.
104
Calculate the remainder when 57612 is divided by 100.
12
Calculate the remainder when 29734 is divided by 36.
34
What is the remainder when 32470 is divided by 224?
214
What is the remainder when 62214 is divided by 15552?
6
Calculate the remainder when 94540 is divided by 78.
4
Calculate the remainder when 5316 is divided by 192.
132
Calculate the remainder when 54681 is divided by 104.
81
Calculate the remainder when 7539 is divided by 444.
435
What is the remainder when 169446 is divided by 84720?
6
Calculate the remainder when 805641 is divided by 42.
39
What is the remainder when 21362 is divided by 717?
569
Calculate the remainder when 14001 is divided by 4667.
0
What is the remainder when 15348 is divided by 1903?
124
What is the remainder when 144 is divided by 21?
18
What is the remainder when 22570 is divided by 99?
97
What is the remainder when 5537677 is divided by 229?
228
What is the remainder when 25314 is divided by 24?
18
Calculate the remainder when 2055 is divided by 532.
459
What is the remainder when 35268 is divided by 35258?
10
What is the remainder when 25642 is divided by 850?
142
What is the remainder when 1637 is divided by 1433?
204
What is the remainder when 116983 is divided by 1147?
1136
What is the remainder when 115762 is divided by 8901?
49
Calculate the remainder when 362 is divided by 252.
110
What is the remainder when 34284 is divided by 19?
8
What is the remainder when 149376 is divided by 74682?
12
What is the remainder when 10550 is divided by 49?
15
What is the remainder when 49725 is divided by 2760?
45
Calculate the remainder when 36110 is divided by 125.
110
Calculate the remainder when 7367 is divided by 2436.
59
Calculate the remainder when 420524 is divided by 34.
12
What is the remainder when 8883 is divided by 1345?
813
What is the remainder when 7249 is divided by 290?
289
What is the remainder when 23430 is divided by 300?
30
What is the remainder when 2787 is divided by 187?
169
What is the remain